+ 17. Let f be v(-4). Let k be (-1)/(-4) - 5*f/(-12). Suppose 0 = -k*h + 653 + 166. What is the remainder when h is divided by 31?
29
Suppose 61 = 3*g + 4*b, -3*g - 2*b = -3*b - 56. Calculate the remainder when (-8 - -11) + 71 + -5 is divided by g.
12
Let d = 129 + -121. Suppose -4*f + d = -2*o - 162, 0 = 2*o + 6. Calculate the remainder when f is divided by 9.
5
Suppose -4*n + 169 + 17 = 2*v, 3*n - 416 = -5*v. Calculate the remainder when 1020 is divided by v.
72
Suppose -9381 = 25*m - 84*m. What is the remainder when m is divided by 21?
12
Suppose -3*h + 42 = -3*z + 120, 0 = -h + 4. What is the remainder when (-1 - -34)/(4*2 + (18 - (38 - 13))) is divided by z?
3
Suppose -2*m + 6*m = 2*t + 182, t = 9. Calculate the remainder when 1015 is divided by m.
15
Let y = -353 - -530. What is the remainder when 345 is divided by y?
168
Let p = 27107 + -27058. Suppose 0*l + 2*r + 110 = 4*l, -4*l - 2*r + 106 = 0. What is the remainder when p is divided by l?
22
Suppose 375*m + 220 = 2095. Calculate the remainder when 2/(-7) + (-380)/(-7) is divided by m.
4
Suppose -43*m - 9948 + 13485 = -75755. Calculate the remainder when m is divided by 11.
7
Suppose 5*d + 17416 = 42*d - 9*d. Calculate the remainder when d is divided by 110.
72
Let r be 2*(-54 + -8 - -4). Let h = 199 - 30. What is the remainder when h is divided by (-3 - r/16)/(3/12)?
16
Let h(a) = -1 - 2*a + 0*a + 63*a**2 - 4*a + 131*a**2 - 6. What is the remainder when h(-1) is divided by 35?
18
Suppose -p - 272 = -4*z, 4*z - 5*p = 172 + 132. What is the remainder when 18082 is divided by z?
64
Suppose 3*z + 32 = 5*k, 5*k + 51*z = 50*z + 56. What is the remainder when 179 is divided by k?
9
Let x(u) = -u**2 - u. Let k(f) = 3*f**2 - 9*f + 3. Let t(q) = k(q) - 12*x(q). What is the remainder when 38 is divided by t(-1)?
8
Suppose 39 + 1 = 5*a. Let q(k) = 15 - 4*k + 6*k - 2*k + 2*k. Calculate the remainder when 58 is divided by q(a).
27
Calculate the remainder when (-18)/(-2)*(-11 + (-6760)/(-72)) is divided by 10.
6
Suppose -5*q + q = 15*q - 7106. Calculate the remainder when q is divided by 359.
15
Let t = -28 + 31. Suppose 9 = 2*r + 3. Suppose -2*z + 27 = t*x, -2*z + r*x = 3*z - 99. What is the remainder when 53 is divided by z?
17
Let x(r) = 16*r**2 - 2656*r + 164. Calculate the remainder when 53626 is divided by x(166).
162
Let j(f) = -3 - 6 + 41 + 6*f + 3*f. Let a be j(-4). Calculate the remainder when 72 is divided by (2 + 84/a)/(-1).
15
Suppose -2*d - 16 = -a, 4*d + 6 = 3*a - 32. Suppose 0 = 2*f - a*f + 8. Suppose -f*k - 48 = -10*k. Calculate the remainder when k is divided by 2.
0
Suppose 0 = -2*o - 921 - 2243. Let w = -1571 - o. Suppose 111 = 4*l + t, 2 = 5*t + 7. What is the remainder when l is divided by w?
6
Let i = -32368 + 32685. Calculate the remainder when i is divided by 27.
20
Let f(w) = 2*w**2 + 75*w + 41. Let k be f(-23). Let i = k + 735. What is the remainder when i is divided by 37?
35
Suppose 0*n - 4*n + 44 + 232 = 0. Suppose 4*k + 0*k = 16, 4*x - k - 64 = 0. Calculate the remainder when n is divided by x.
1
Let o be 28/(-2) - ((-12)/(-3) + -6). What is the remainder when 20 is divided by 3*o/306 + (-53)/(-17)?
2
Suppose -3*s - 30 = -4*s. Suppose l + 3*a = 26, 62 = l + 1099*a - 1100*a. Calculate the remainder when l is divided by s.
23
Let f(i) = 2*i**2 + 81*i + 211. Calculate the remainder when 7809 is divided by f(-41).
249
Suppose -73*m - 297 + 1320 + 656 = 0. What is the remainder when 3173 is divided by m?
22
Let n = 35044 - 34819. What is the remainder when 815 is divided by n?
140
What is the remainder when 3716 is divided by 52*2/5*(-161200)/(-9920)?
336
Let x(t) = 4*t + 6. Let i be 3/(-9) - (-75)/9. Suppose -81*s = -77*s - i. Calculate the remainder when 26 is divided by x(s).
12
Suppose -3*z = -4*o + 126, 378*z = 383*z + 10. What is the remainder when 277 is divided by o?
7
Let y be (1 - 1)*(-8)/16 + 14. Calculate the remainder when 38 is divided by 142/y + (-40)/280.
8
Let p = 43 + -10. Let u(l) = 4*l**3 - l**2 + 4*l + 10. Let h be u(5). Calculate the remainder when p is divided by 2/(-11) - h/(-55).
6
Suppose -2485 + 6589 = 19*v. Calculate the remainder when 2586 is divided by v.
210
Let b = 4118 + -3978. Calculate the remainder when 4758 is divided by b.
138
Let v = -153 - -238. Let k = -44 + v. What is the remainder when 202 is divided by k?
38
Let x(h) = 3*h**2 - 2*h - 48. Let n be x(9). Let s = -50 + n. Calculate the remainder when s is divided by 26.
23
Suppose 6*v = 2*v + 4*a + 1784, -v = -3*a - 444. What is the remainder when v is divided by 14?
13
Let s = -661 - -672. Suppose -c = 5*a - 13 - s, -a = -2. Calculate the remainder when 29 is divided by c.
1
Let z = 35058 + -34746. What is the remainder when z is divided by 30?
12
Let f = -33 - -9. Let a be (-80)/f - 1/3. Suppose 0 = -4*k - c + 306, -a*k + 241 = -c - 4*c. What is the remainder when k is divided by 20?
17
Let r(c) = c**2 + 17*c + 519. What is the remainder when r(-22) is divided by 47?
18
Let g(v) = -v - 20. Let p(j) = 2*j + 62. Let h(q) = 10*g(q) + 3*p(q). Suppose 4*o + 24 = 8. Calculate the remainder when 10 is divided by h(o).
0
Let h = -702 + 714. Calculate the remainder when 83 is divided by -2 + 0 + 7 + h.
15
Let v(z) be the third derivative of z**4/2 - 53*z**3/3 - 62*z**2. What is the remainder when v(13) is divided by 30?
20
Suppose -3*u = -5*m + 5811, 5*u = -2*m - 0*u + 2281. Calculate the remainder when m is divided by 73.
63
Suppose -2*c + x = 25, 5*c + 62 - 7 = -5*x. Let u = c - -31. Calculate the remainder when (37/(-3))/(11/(-33)) is divided by u.
18
Let c = 258469 - 258455. Suppose -5*d = -5*a - 880, -4*a + 21 = 2*d - 349. Calculate the remainder when d is divided by c.
11
Suppose -251*l - 8589 = -262*l - 398*l. Let r(u) = -8*u + 2. Calculate the remainder when l is divided by r(-2).
3
Let m be (-5)/(-2*(-2)/(-4)). Let g = -25 - -30. Suppose g*j + 5*t + m = 0, 0 = j - 4*j - 5*t - 13. What is the remainder when 9 is divided by j?
1
Suppose -10*u + 15*u = -10, 3*y + 3*u = 4734. Calculate the remainder when y is divided by 67.
39
What is the remainder when 495 is divided by -11 + 32/16 - -178?
157
Let w be ((-4)/(-3))/(3 + 9849/(-3285)). Suppose v = b - 3*v - 163, 0 = -5*b + 3*v + w. Let z = b + -97. Calculate the remainder when z is divided by 16.
14
Let r(n) = 1045*n - 5133. What is the remainder when 4781 is divided by r(5)?
89
Let l(g) = 4*g + 13. What is the remainder when 392 is divided by l(2)?
14
Suppose -c - z - 3 = -8, 4*c = z + 10. Suppose -c*a = 5*u - 4*a - 94, 0 = -u + a + 22. What is the remainder when (-302 - 0)*(-9)/u is divided by 38?
37
Let x(t) = -2*t**3 + 13*t**2 + t - 19. Let m be x(7). Suppose -l = l + 198. Let z = m - l. What is the remainder when z is divided by 13?
12
Let m be ((-8)/(-2))/(-2 + 8/2). Let i be -2*m/1 - -3. Let k(y) = -12*y**3 + 2*y + 1. What is the remainder when 65 is divided by k(i)?
10
Let u(z) = 2*z**3 - 3*z**2 + 2*z - 4. Let j be u(2). Suppose 18 = 3*b + 2*y, 4*b - j*y - 12 - 12 = 0. What is the remainder when 7 is divided by b?
1
Calculate the remainder when 39186/26 + 1744/(-11336) is divided by 63.
58
Let b(d) = -d**2 - 7*d - 4. Let y be b(-6). Suppose 0 = v - y*v + 47. Suppose 4*h - 776 + 676 = 0. Calculate the remainder when v is divided by h.
22
Suppose -8*o + 16*o - 128 = 0. Calculate the remainder when 167 is divided by ((-493)/(-116))/(2/o).
31
Let x(g) = g**3 - 19*g**2 + 35*g + 35. Let v(y) = 2*y**2 - 3*y - 6. Calculate the remainder when x(17) is divided by v(-4).
14
Let b(k) = k**3 - 8*k**2 + 8*k - 5. Let q be b(7). Let m = q + 1. Suppose v - 124 = -5*x, -x + v + m + 23 = 0. Calculate the remainder when x is divided by 13.
12
Let u be (-4)/46 + (-556)/(-46). Let r(m) = 15*m + 204. What is the remainder when r(u) is divided by 43?
40
Let h be (-1146)/(-8) - (-3 - 39/(-12)). Suppose -22*m + 143 + h = 0. Let q(g) = 14*g**2 + 4*g + 2. Calculate the remainder when q(-3) is divided by m.
12
Suppose -1784*l - 309564 = -1796*l. What is the remainder when l is divided by 30?
27
Let b = 11 - -24. Suppose 0 = 2*y - 0*y - 180. Let g = y - b. What is the remainder when 162 is divided by g?
52
Let v(g) = 6*g + 213. What is the remainder when 851 is divided by v(-29)?
32
Let s be 2/(-8) - (267/(-12) - 1). Suppose -c + 7 = -0*f + 2*f, -3*c =